+ 20. Let o be s(-6). Suppose -2*l - h = 2*h - 138, -o*h = -2*l + t. Is l a composite number?
True
Suppose -3*s + i = 25, 0 = -3*i - 19 + 4. Let y(b) = 13*b**2 - 17*b - 16. Is y(s) a prime number?
False
Let p be 5/20 - (1/4 + -2). Suppose -982 = -2*l + p*s, 4*l - 5*s - 313 = 1651. Is l prime?
True
Let p(k) = 6*k**2 + 3*k + 3. Let r be p(-2). Let u = r + 1. Suppose -19*d = -u*d + 267. Is d prime?
True
Let w(k) = -k**2 - 14*k - 57. Let j be w(-6). Let z(s) = 50*s**2 + 4*s - 25. Is z(j) a prime number?
True
Let q be 0/(-59) - (-6 - (1 - 2)). Suppose -l = l. Suppose 4*g - q*n = 9226, l = -2*g + g - n + 2311. Is g a prime number?
True
Suppose 0 = -5*r - 61 - 44. Let u(j) = -j**3 - 4*j**2 + 18*j + 13. Let a be u(r). Suppose -v + 5*v = a. Is v composite?
False
Let c(m) = m**2 - 2*m + 119. Let h be c(0). Let f = 324 - h. Suppose -5*i + f = 5*y, 0 = -3*i - y - 10 + 125. Is i a prime number?
True
Let y(n) = -40287*n + 3091. Is y(-4) a prime number?
True
Suppose -4*g = -3*g + 2*a + 10698, -3*a = 2*g + 21399. Let m = 17514 + g. Suppose -8*n + 15502 = -m. Is n composite?
False
Suppose -l = -2*l + 5*b, 0 = -2*b. Suppose 5*v - 3*m - 4 - 28 = l, m + 4 = 0. Is -1 - ((-2492)/v - 1) composite?
True
Suppose -5*m + 0*l - 3*l = 150180, 4*m + 120147 = -3*l. Is (-9)/18 + (-2 - m/2) a prime number?
False
Suppose -11544 = -q + a + 4098, -15647 = -q - 4*a. Let u = q + -10731. Suppose 6*r + 2*r = u. Is r a composite number?
True
Let t(m) = -157*m - 11. Let i(a) = -156*a - 12. Let o(x) = 2*i(x) - 3*t(x). Let b(w) = 2*w**2 - 52*w + 212. Let f be b(21). Is o(f) prime?
False
Let o be (-58)/(-3) + 38/57. Is (-6772)/(-6)*(-3)/o*-10 a composite number?
False
Let r be 4/22 - (-20)/11. Let o be 1*(-3)/6 + r/4. Suppose o = 4*v - 7689 + 109. Is v a prime number?
False
Suppose n = -2*a + 319301, 9*a - 7*a + 319277 = n. Is n prime?
True
Suppose 0 = 93*c - 4*c + 45*c - 8930162. Is c a composite number?
False
Let s = 204 - 248. Is (s/(-66))/(2/1371) prime?
True
Suppose -81*o + 2*y = -80*o - 18605, -3*y + 92947 = 5*o. Is o composite?
False
Suppose -125*c = -124*c + 3*a - 363761, 3*a = -2*c + 727522. Is c a prime number?
True
Let k(p) = p**3 + 14*p**2 + 13*p - 8. Let q be k(-13). Is (-2)/q + 4/((-32)/(-24054)) composite?
True
Let s = -9222 - -18853. Is s composite?
False
Let g(d) = -6*d + 11. Let x be g(2). Let a be ((-524)/(-1))/(3/1 + x). Suppose a = 4*f - 1062. Is f a composite number?
False
Let l = 91 + -87. Suppose 5*a - 6*a = -l*b - 539, -1566 = -3*a - 5*b. Is a a prime number?
False
Suppose -21*i + 10236569 = 2732030. Is i a prime number?
True
Suppose -1777589 = 10*n - 6709119. Is n a prime number?
False
Let d(r) = 30*r**3 - 18*r**2 + 55*r - 262. Is d(20) prime?
False
Let p(x) = 3*x - 31. Let v be p(-9). Let y = -89 - v. Is (15 + 14)*(0 - y/1) composite?
True
Let u be (-4)/26 + 94/611. Is (u - 72/9) + 7069 a composite number?
True
Let v(c) = c**3 + 6*c**2 - 7*c + 9. Let b be v(-6). Let q = -52 + b. Is q/((-4)/8) + 83 prime?
False
Let g(x) = 9*x**3 - 3*x**2 + 7*x - 10. Let d be g(6). Suppose -4621 - d = -9*z. Suppose 5*b - 4313 = -2*v - 774, 4*v = b - z. Is b composite?
False
Suppose f + 5*m - 53 = 0, 0 = 3*f - 6*f - 4*m + 159. Suppose f*p + 17012 = 57*p. Is p prime?
True
Let x be (6/24)/((-2)/(-38536)). Let b = x - 3096. Is b composite?
False
Let z = -12637 + 37296. Is z composite?
False
Suppose -50*r + 5700728 = 10*r + 28*r. Is r a composite number?
False
Let y(j) = 11*j**2 - 17*j + 90. Let n be y(32). Suppose 5*m = -5*x + n, 3*x - 6487 = -20*m + 16*m. Is x composite?
False
Let m(w) = -6*w**2 + 29*w - 5. Let a be m(7). Let j = -114 - a. Is (-24854)/j + (50/45)/5 a prime number?
True
Is (-12)/15 + (((-13918080)/25)/(-4) - 11) a composite number?
False
Suppose -p - 3 = 5*t + 2, 3*p - 3*t - 39 = 0. Suppose -11*q - 43 = -p. Is 1071 + ((-25)/5 - q) a prime number?
True
Let w(u) = -35 - 100 + 19 + 109*u. Is w(33) prime?
False
Let t be 4/3*3/(-2). Let h(a) = -3809*a - 3. Is h(t) a composite number?
True
Suppose -60*g + 207*g = 7429233. Is g a prime number?
True
Suppose -20451 + 71062 = 5*g - 2*v, 10133 = g + 5*v. Is g a composite number?
True
Let z = -39661 + 198620. Is z a prime number?
True
Is 997*132/10 - 931/665 a composite number?
False
Let s = 41 + -41. Let p be 1/(5/1555 - s). Suppose -5*b + 1810 - 315 = -5*t, b - 4*t - p = 0. Is b a composite number?
True
Let f(j) = 9*j + 102. Let i be f(-10). Suppose -13*u + 679 = -i*u. Is u prime?
False
Let c(l) = 81454*l - 5125. Is c(5) a prime number?
False
Is (-2)/(-5)*(-20)/6 + 117146/6 a prime number?
False
Suppose 0 = f + 4*a - 3613018 + 579245, 4*f = -2*a + 12135134. Is f composite?
True
Let v(f) = 2*f + 46. Let t be v(-7). Let n(l) = 13*l**2 - 69*l - 21. Is n(t) prime?
True
Let g be (4 + (-4 - 2))*(-46959)/(-6). Let c = -6620 - g. Is c a composite number?
True
Suppose -4*o + 12 = -2*g, 2*g = o - 6 - 0. Suppose -3*z - 3*j - 2 = -5, -5*j = -o*z + 30. Suppose -z*t + 1036 = 311. Is t a composite number?
True
Suppose -3*n = 3*x - 201429, 0 = 2*x + 15*n - 20*n - 134251. Is x a composite number?
True
Let m(n) = -753*n - 296. Is m(-21) prime?
False
Let p be (2 - (-2 - -5)) + 5. Suppose -p*g + 3935 = -1493. Is g composite?
True
Suppose 19*g - 1617381 - 6397251 = -5*g. Is g prime?
False
Is (-8)/(-84) - ((-2557189)/21 - 6) a composite number?
True
Let x be (-522)/4 + 1/(-2). Let i = -134 - x. Is i*(-4)/(-21) + 18325/35 a composite number?
False
Let i(c) = -c**3 - 18*c**2 + 5*c - 3. Let d be i(9). Let b = d + 4226. Is b a prime number?
True
Let q(o) = -15283*o + 672. Is q(-9) composite?
True
Suppose 4*z + 4 + 11 = d, -d = 3*z - 22. Suppose -12*s - 6251 = -d*s. Is s prime?
False
Let m(o) = 454*o - 89. Suppose -24 = -15*n + 51. Is m(n) prime?
False
Let n = -49 + 58. Is n/(567/18) + 7607/7 a composite number?
False
Let n = 3948 - -162383. Is n prime?
False
Suppose -21*m = -17*m - 100. Suppose m*r - 1 = 26*r. Is 3 - (-1160 + r + 1) composite?
False
Let l(a) = -53768*a**3 - 8*a**2 - 18*a - 5. Is l(-3) prime?
True
Suppose 3*y + 5*s - 6714 - 5631 = 0, s = -y + 4113. Let a(c) = 5*c**3 + c**2 - 3*c + 1. Let t be a(1). Suppose t*g - y = -2*g. Is g a prime number?
False
Suppose -w + 7832 = 10*w. Let n = w + 5329. Is n a composite number?
True
Is (74/(-2))/(((-36)/1)/499428) prime?
False
Let m(a) = 50264*a**2 - 18*a - 21. Is m(-1) a prime number?
True
Suppose -15227187 + 4130898 = -5*f - 4*a, -f - 7*a = -2219295. Is f composite?
True
Let u be -2*(-10 - (-4 - 0)). Suppose 4*t - 2*h = -4*h - 8, -t + u = 4*h. Is (0 - 1)*(1*2524)/t prime?
True
Let x(l) = -l**3 - 10*l**2 + 19*l + 14. Suppose 4*b - 84 = -3*o, -4*o + 12 = -4. Suppose y + 3*w + b = 0, y + 6 = -5*w - 16. Is x(y) a prime number?
False
Let c be 3 - -1 - (-3 + 21). Let k be 54/c + 3/(-21) + 6. Suppose 0 = 3*b - 4*p - 6455, k*p = 5*b - b - 8610. Is b composite?
False
Let t be (-12)/(-30) + 10633/5. Let s = t + 632. Let i = 4041 - s. Is i a composite number?
True
Let v(p) = 573*p**2 + 127*p + 379. Is v(-8) composite?
True
Suppose -76*d + 2889585 = 461993. Is d a prime number?
False
Suppose 45*v - 241161 = 11795754. Is v prime?
False
Suppose 2*t - 5*i - 3942 = 0, t + 7906 = 5*t + i. Suppose h - t - 1537 = 5*j, -3*h + 10571 = j. Is h a prime number?
False
Let u(p) = -7*p**3 + 6*p**2 + 16*p + 54. Let y(d) = 14*d**3 - 12*d**2 - 32*d - 109. Let f(k) = -9*u(k) - 4*y(k). Is f(13) a prime number?
True
Is 609848/(-12)*6/(-4) a prime number?
True
Let v be 4/7 + (-1)/((-56)/(-256)). Let t be v - (1 + -1 - 1) - -23. Is (-21 + t)/(3387/(-1693) - -2) composite?
False
Let y(j) = 3*j**2 + 6*j + 123. Let f be y(-9). Let o = 4 + 142. Let m = f - o. Is m a prime number?
False
Suppose -1959837 = -70*x + 1495573. Is x a composite number?
False
Suppose -16*q + 227 + 221 = 0. Let m(f) = 7*f**2 + 5*f + 41. Is m(q) a prime number?
True
Suppose -k + o + 9 = 0, -5*k = -24*o + 25*o - 39. Is 66/88 + 16786/k a prime number?
True
Suppose -8*t - 13*t = -18*t. Suppose t = -4*o + 2221 + 1255. Is o a composite number?
True
Let i(y) = 40*y**2 + 8*y + 35. Suppose -25 = -3*g - 4*h, -10*g + 7*g + 2*h = -37. Is i(g) composite?
True
Suppose 0 = 8*z - 3*z + s + 42, -3*s = 4*z + 27. Let x(i) = -121*i**3 - 117*i**3 - 11*i**2 - 119*i**3 - 16 + 355*i**3 - 10*i. Is x(z) composite?
False
Let c = 1043 + 3051. Suppose z - c = 1356. Suppose -2*x - 3*n